git of r(-1)?
1
Let w = -86089 + 131047. What is the ten thousands digit of w?
4
Let v(l) = -9*l + 39. Suppose 5*d = -3*a - 41, 2*a + 19 = -4*d - 7. What is the hundreds digit of v(a)?
1
Suppose -20 = -3*h - h. Suppose 7*k - 50 = h*k. Suppose 85 - k = 3*b. What is the units digit of b?
0
Let h = 322 - 313. Suppose h*k - 4209 - 651 = 0. What is the units digit of k?
0
Let c(m) be the first derivative of -9*m**2/2 - 10*m + 53. What is the units digit of c(-9)?
1
Suppose -11*w - 8 - 3 = 0. Let m(g) = -384*g**3 + g**2 + g + 2. What is the hundreds digit of m(w)?
3
Let s(u) = 15*u - 33. Let i be s(3). Let p(b) = -4*b + 5*b - 9 + 2*b. What is the units digit of p(i)?
7
Suppose -2*y + 7*y = 3*p - 134, 3*p - 154 = y. Suppose -5*m + 90 = 3*s, -s - m + p = s. Suppose -s*f + 120 = -20*f. What is the tens digit of f?
2
Suppose 0 = -m - 3 + 29. Suppose 5*b - m*b + 11571 = 0. What is the hundreds digit of b?
5
Suppose -2*b - 688 = -3*q + 315, 0 = -3*q + b + 1007. Let z = q + 13. What is the units digit of z?
0
Let k(j) = -442*j - 2081. What is the units digit of k(-6)?
1
Suppose 2*p + 3*s - 1 = 0, -2*s - 26 = -4*p - 0*s. Suppose 5*j - p*k = -10, 5*j - k + 1 = -17. What is the tens digit of ((-852)/(-15))/(j - (-44)/10)?
4
Suppose -k - 41897 = -230*d + 228*d, 0 = -2*d - 2*k + 41906. What is the thousands digit of d?
0
Let q be ((-24)/56)/(2/(-14)). Suppose q*f + 0*f = 2*l + 932, f - 318 = -3*l. Suppose 0 = 17*g - 13*g - f. What is the units digit of g?
8
Let k(q) = q**3 - 22*q**2 - 21*q - 43. Let t be k(23). What is the tens digit of (-176)/(t - 5) + (-8)/(-2)?
9
Let j(r) = -2*r**2 + 97*r - 87. Let o be j(46). Suppose 5*w - 664 = -3*h, 3*w + o + 55 = h. What is the hundreds digit of h?
2
Let s(y) = -17*y**2 - 80*y**3 + 40*y**3 + 100 + 2*y - 104. What is the units digit of s(-2)?
4
Let v be 68/12 - 4/6. Let r(s) be the third derivative of s**5/20 - s**4/4 + s**3/6 - 10*s**2. What is the tens digit of r(v)?
4
Let c be 1*((-4)/1 - (-32)/4). Suppose -15 = 5*x, 4*g - 5723 = x - c*x. What is the hundreds digit of g?
4
What is the units digit of ((-479 + -9)/8)/(7/(-4172))?
6
What is the thousands digit of 1076*1624/120 - (-4)/30?
4
Let i = -437 - -527. What is the tens digit of ((-135)/i)/((-3)/604)?
0
Suppose 0 = -4*p + 20, 0 = q - 2*q - 3*p + 65. Suppose 0 = -3*l - 2*t - q, 0 = 2*l + t + 34. What is the tens digit of ((-52)/6 - 0)/(12/l)?
1
Let b(f) = -8 + 44*f - 22*f - 28 + 10*f**2 + 27*f. What is the tens digit of b(-12)?
1
Suppose -517924 = -19*z - 60*z. What is the thousands digit of z?
6
Suppose 6083314 = 174*q + 1144862 - 97630. What is the tens digit of q?
4
Let z(y) = 191*y + 697. What is the thousands digit of z(12)?
2
Let h(f) be the first derivative of -8*f**4 - f + 14. Let y be h(-2). Let a = -161 + y. What is the units digit of a?
4
Let r(t) = -t**2 - 34*t - 2. Let y = 165 + -182. What is the tens digit of r(y)?
8
Suppose 0 = -o + 6*o + 29620. Let m = -11762 - o. What is the tens digit of (-4)/(-10) + m/(-30)?
9
Let q(c) = 659*c**2 - 40*c + 3. What is the hundreds digit of q(4)?
3
Suppose 16*l + 12824 = 2*u + 18*l, -u - 4*l + 6397 = 0. Suppose -11*c = -u - 1613. What is the hundreds digit of c?
7
Suppose -2*o + 4*a = 1124, 3*o - a - 4*a + 1684 = 0. Let r be 4/36*15*o. What is the tens digit of 18/(-63) + (r/(-21))/1?
4
Let n = -19074 - -32602. What is the tens digit of n?
2
Suppose 5*l = -21*l + 104. Let a(f) = 4*f**2 - 5*f + 1. Let m be a(-9). Suppose -l*r + m = r. What is the units digit of r?
4
Let a(c) = -2*c**3 - 61*c**2 - 82*c - 3787. What is the hundreds digit of a(-42)?
2
Let v(i) = 8 - 2*i - i + 6*i - 2*i. Let k be v(-10). Let u = k - -46. What is the units digit of u?
4
Let v = 773 + -769. Suppose 790 = 5*s - p, 4*s - s - 452 = 5*p. Suppose v*t - s - 257 = 0. What is the units digit of t?
4
Let d(g) = -2*g - 7*g - 36 + g + 2*g. Let h be d(-12). Let l = h + 180. What is the hundreds digit of l?
2
Let h = 65 - 2. Suppose 0 = 2*a - 7*a - 185. Let k = a + h. What is the units digit of k?
6
Let c(f) = -2*f**3 - 14743*f + f**3 + 27*f**2 + 14633*f + 2. What is the hundreds digit of c(18)?
9
Let z(f) = -13260*f**3 - f**2 + 5*f + 3. Let i be z(-1). Suppose -8*g + i - 1921 = 0. What is the units digit of g?
7
Let f be 308/10 - (-5 + 232/40). Suppose f*y = 23*y + 2191. What is the tens digit of y?
1
Suppose -70 - 606 = b. Let z = b + 1004. What is the tens digit of z?
2
Let n(j) = -5*j + 5*j - 1 + 5*j**2 + 0*j. Let z be n(1). What is the units digit of (-3)/(6/(-20)) - (4 - z)?
0
Suppose 7254 - 101876 = -22*y. What is the hundreds digit of y?
3
Suppose 2*r + 81 = 4*r + 3*c, -2*c = -3*r + 115. Suppose -r + 136 = t. What is the tens digit of t?
9
Let s(f) = f**3 + 111*f**2 + 168*f - 2335. What is the tens digit of s(-109)?
1
Suppose 4*f = 2*p, 5*p = p - 4*f + 36. Suppose -28*a + p = -25*a. Suppose 5*j = a*y + 488, j - y - 100 = -0*y. What is the tens digit of j?
9
Let k(x) = x**2 - 2*x - 13 + 11*x + 4*x. Suppose -21*h + 26*h = -75. What is the tens digit of k(h)?
1
Let o = 27485 - 18962. What is the thousands digit of o?
8
Let m = -555 - -391. Let t(n) = 19*n + 7. Let k be t(-6). Let v = k - m. What is the units digit of v?
7
Let n = 1330 + -1136. Let l(r) = -95*r + 1. Let c be l(-1). Let v = n - c. What is the tens digit of v?
9
Suppose -4*h + 13 = 3*j - 4617, 0 = 5*h + 3*j - 5786. Let w = -613 + h. What is the hundreds digit of w?
5
Let r = -4715 + 8208. Suppose 5*g + 3*k = r, k + 90 + 607 = g. What is the units digit of g?
8
Suppose 277*n - 326*n = -334866. What is the thousands digit of n?
6
Suppose s = 3*s - 210. Let t = 56 + -95. Let g = t + s. What is the units digit of g?
6
Suppose -86*j = -73*j - 62153. What is the tens digit of (-1 - j/(-4)) + 350/(-280)?
9
Suppose -20*a - 4 = 96. What is the hundreds digit of 1 + 491 + (-7 + 7)/a?
4
Let o = 427 + -421. What is the hundreds digit of o/(-33) - (-2)/(-22)*-9429?
8
Suppose 9*u = -278 + 1205. Suppose 0 = -3*k + 2*d + 152, -2*k + d + 0*d + u = 0. What is the tens digit of k?
5
Let q(g) = -g**2 - 12*g - 14. Suppose 0 = -15*y + 11*y - 16. Let n be q(y). What is the hundreds digit of n/(-18)*(-194 - 0)?
1
Suppose -659559 - 429230 - 493588 = -69*n. What is the ten thousands digit of n?
2
Let h(c) = -15 - 16*c + 42 + 13 - 2. What is the units digit of h(-11)?
4
Let u(a) = -12*a**2 - 4*a - 49. Let v(f) = -5*f**2 - f - 25. Let y(g) = -6*u(g) + 10*v(g). What is the units digit of y(-6)?
2
Let n be -9*3/(-6) + (-6)/4. Suppose 5*q + n*j = 3*q + 500, -3*q = -5*j - 788. What is the units digit of q?
6
Let s(r) = -r**3 - 5*r**2 + 4*r + 1. Let b be s(-6). Suppose -31 = -27*k + 1184. Let o = b + k. What is the units digit of o?
8
Let d(s) = 69 + 86 - 76 + 32 - s. What is the units digit of d(-12)?
3
What is the thousands digit of -44 + 35 + (-3 - (-3200)/2)?
1
Suppose 0 = -1249*j + 1190*j + 234938. What is the hundreds digit of j?
9
Suppose -9 = -13*f + 17. Suppose -5*p + 4511 = -f*q, q + 2705 = 3*p - q. What is the hundreds digit of p?
9
Suppose 0*p - 8*p + 5344 = 0. Let n = p + 73. Suppose -n + 84 = -3*l. What is the units digit of l?
9
Let v be ((-15)/20)/((-2)/8). Suppose 0 = 2*k + v*k - 40. Suppose 0 = k*c + 106 - 394. What is the tens digit of c?
3
Let u(g) = 110*g**3 + 20*g**2 + 6*g + 9. Let r(m) = -3*m**2 - m - 1. Let w(l) = 6*r(l) + u(l). What is the hundreds digit of w(2)?
8
Let h(n) = 13*n - 10. Let j be ((-4)/((-4)/(-3)))/(2 + -3). Suppose k - j*p = 9, 2 - 9 = -3*k - p. What is the units digit of h(k)?
9
Let z = 641 - -92. Let p = z + -338. What is the hundreds digit of p?
3
Let g(b) = 441*b + 1. Suppose -3*f + 3*o = 0, f - 9 + 7 = -o. What is the hundreds digit of g(f)?
4
Suppose 0*h + 2*h = 5*k - 23, -2*h + 3*k - 13 = 0. Suppose 3*i = 2*c, c - h = 4*i - 6. What is the tens digit of (4 + -5)/(1/(-17))*c?
5
Let s = 16110 + -1319. What is the thousands digit of s?
4
Let w(b) = 13*b**3 + 26*b**2 - 59*b - 153. What is the tens digit of w(15)?
8
Let q(b) = -569*b + 2855. What is the thousands digit of q(-9)?
7
Let i be 1 + (-6)/4 - (-4)/(-8). Let l(a) = a**3 + a**2 - a. Let f be l(i). What is the units digit of -11 + 156 + 3/f?
8
Let x = -2050 - -2991. Suppose -2*b + 875 = -x. What is the units digit of b?
8
Let q(p) = p**3 + 6*p**2 - 17*p + 18. What is the units digit of q(5)?
8
Let z = 70702 - 384